 + 5*o**2. Let d be p(-5). What is the highest common factor of d and 132?
33
Let v be (-256)/(-14) - (-10)/(-35). Calculate the greatest common divisor of v and 45.
9
Let s = 1 - -1. What is the greatest common factor of 26 and s?
2
Let d(v) = 7*v + 264. Let x be d(0). Let y be 190/8 + (-2)/(-8). Calculate the greatest common factor of y and x.
24
Suppose -3*o - 4*a + 37 + 22 = 0, -2*o + 30 = -2*a. Let d = -1 + o. Suppose 2*b - 6*b + 96 = 0. Calculate the greatest common factor of b and d.
8
Suppose -w - 382 = -4*k, 378 = -0*k + 4*k - 3*w. What is the greatest common divisor of 16 and k?
16
Suppose 0 = -2*b + n + 95, 220 = 8*b - 3*b + n. Suppose -4*i = h - 3*h + 10, 4*h - 3*i - 30 = 0. Calculate the highest common factor of h and b.
9
Let t be (160 - -13) + (-2 - -4). Calculate the highest common divisor of t and 35.
35
Let d(s) = -s**3 + 4*s**2 + s + 9. Let i be d(4). Calculate the highest common factor of 13 and i.
13
Suppose 8*x - 3*x + 25 = -5*s, -5*s + 4*x = -20. Suppose 3*d - 4*p = -s*d + 26, -4*d + 5*p + 34 = 0. Calculate the greatest common factor of 6 and d.
6
Let n be 9*3*8/36. What is the highest common divisor of n and 54?
6
Let w be 8/(-12) - (-8)/3. Suppose w*k + 15 = 3*k. Calculate the highest common divisor of k and 6.
3
Let t = 104 - 24. Calculate the greatest common divisor of t and 16.
16
Let f = -11 + 18. Let d be (1 - 0)/((-2)/(-14)). Suppose d = -0*c + c. Calculate the highest common factor of c and f.
7
Let m(d) = 13*d**2 - 3*d + 2. Let o be m(4). Let n be ((-5)/(35/12))/(4/(-42)). What is the highest common divisor of o and n?
18
Let a be 2/(-6) + (-2234)/(-6). Let z = 548 - a. What is the highest common divisor of 22 and z?
22
Suppose 450 = 6*s - 264. Calculate the greatest common factor of s and 17.
17
Let y be 109*(-6 - -4) + -1. Let f = -84 - y. Calculate the highest common divisor of f and 15.
15
Suppose 3*y + y - 20 = 0. Suppose 5*j - 265 = -y*o, 4*j - o - 197 = -0*o. Suppose -p + 30 + j = 0. Calculate the highest common factor of 32 and p.
16
Suppose 5*j - 409 = -0*p - 4*p, -2*p = 2*j - 206. Calculate the highest common factor of 53 and p.
53
Let m be ((-6)/9 - -1) + (-22)/(-6). Suppose 2*g = 2, 4*c + 5 = g + 4*g. Suppose -o = -c*o - 36. What is the greatest common divisor of o and m?
4
Let p(l) = l**3 - 6*l**2 + 5*l + 6. Let m be p(5). Calculate the highest common divisor of 9 and m.
3
Suppose 9*c - 60 = -6*c. What is the highest common factor of 6 and c?
2
Let k be (-2)/7 - 103/7. Let t be 0 + 44/(1 - -1). Let x = k + t. Calculate the greatest common divisor of x and 56.
7
Let z(c) = c**3 - 6*c**2 - 12*c + 8. Let r be z(8). What is the greatest common factor of r and 8?
8
Let n = 8 + -6. Suppose -u + 3*q = -n, -5*u = 5*q - 8 - 42. Calculate the highest common factor of 72 and u.
8
Suppose 22 = 5*y - 3*m, 2*m + 1 + 7 = 0. Suppose -u + y = -11. Calculate the highest common divisor of 52 and u.
13
Let f be (-9)/((1 + -5)/4). What is the greatest common factor of f and 9?
9
Let t(b) = 4*b + 6. Let p be 3*(2 - 3)*-1. Let j be t(p). What is the greatest common divisor of 54 and j?
18
Let v(d) = -6*d**3 - 3*d**2 + 2*d + 4. Let x be v(-2). What is the greatest common divisor of 9 and x?
9
Let j = 2 + 2. Suppose -3 = j*t - 7. Let y = 3 - t. What is the highest common divisor of y and 18?
2
Let b(k) = 3*k**2 + 3*k - 27. Let j be b(5). Calculate the greatest common divisor of 9 and j.
9
Suppose 5 = -4*h + 49. Let r be 135/12 + (-1 - 6/(-8)). What is the greatest common divisor of r and h?
11
Suppose -m - 2 = 4*l, 48 = 5*m + 3*l + 7. Suppose -54 = -2*x + 126. What is the highest common factor of x and m?
10
Suppose 3*v - 3*r - 39 - 12 = 0, 86 = 4*v + 5*r. What is the greatest common divisor of 38 and v?
19
Let z be 23 - (0 + 1 + 0). Let x be (-4)/(-22) + 612/z. Calculate the highest common divisor of x and 14.
14
Let u = 70 - 43. What is the greatest common divisor of 216 and u?
27
Suppose 0 = -5*l + 9 + 1. Suppose 0 = -0*k + k + 4*w - 31, -l*k - 2*w = -38. What is the greatest common divisor of 5 and k?
5
Let t(r) = -2*r + 7 + r**2 + 0*r**2 - 10. Let j be t(-2). What is the highest common divisor of j and 5?
5
Suppose 0 = -4*v - 16, -4*f + 93 = v - 63. Let h = 22 - 6. What is the highest common divisor of h and f?
8
Let n(k) = -k**3 - 8*k**2 + 5*k - 11. Let c be n(-9). What is the greatest common factor of 200 and c?
25
Suppose -r - 3*r = -16. Suppose 0*y - 1537 = -5*k - 4*y, r*k - y - 1238 = 0. Let h be 4/14 - k/(-21). Calculate the greatest common divisor of 10 and h.
5
Let b(v) be the third derivative of 7*v**5/60 + v**4/8 + v**3/6 + 3*v**2. Let z be b(-3). Calculate the greatest common factor of 11 and z.
11
Suppose 0*u - 2*c - 26 = 2*u, 2*u + 14 = 2*c. Let l(v) = -v**3 - 10*v**2 + 9. Let o be l(u). What is the highest common divisor of 81 and o?
9
Suppose 16*n = 15*n + 5. Let y be 6/8 - (-177)/4. Calculate the greatest common divisor of n and y.
5
Let z = 154 + 182. Calculate the greatest common divisor of z and 42.
42
Let p = 21 + -13. Calculate the highest common divisor of 32 and p.
8
Let j be 5/3*((-2)/(-2) - -14). What is the greatest common divisor of 75 and j?
25
Suppose q + 0*q = 3*r + 133, 0 = 5*q - 4*r - 665. Calculate the greatest common factor of q and 7.
7
Suppose 101 = 4*q - 119. Calculate the greatest common factor of q and 22.
11
Let r = -24 + 28. Suppose -r*s + 56 + 44 = -4*y, -4*s + 103 = -5*y. Calculate the highest common divisor of s and 110.
22
Let b(l) = l**2 + 6*l - 1. Let r be b(-6). Let z be 11/(r - (-36)/33). Calculate the greatest common factor of 11 and z.
11
Let b be 2/4 - (-549)/(-2). Let p = b + 414. What is the greatest common factor of p and 14?
14
Let v(b) = -b**3 - 2*b**2 - 3. Suppose -5*c - 15 = 10. Let l be v(c). Calculate the greatest common factor of 8 and l.
8
Let p(v) = v**2 - 5*v - 4. Let r be p(6). Let k(h) = 8*h + h**r + 0*h**2 + h**2 - 8. Let z be k(-8). Calculate the greatest common divisor of 8 and z.
8
Let d = -16 - -23. Suppose y = 47 + d. What is the greatest common divisor of y and 36?
18
Let b be 22/6 + 4/12. Suppose 2*u + 4 = 3*u, b*k - 76 = -2*u. Calculate the greatest common divisor of k and 68.
17
Let g be 837/18*2/3. What is the highest common divisor of 93 and g?
31
Suppose 5*i + 3*a = 59, i - a - 37 = -3*i. Calculate the greatest common factor of i and 90.
10
Let l = -123 + 228. Calculate the highest common divisor of l and 21.
21
Suppose -32 + 21 = -g + 2*t, -g - 3*t = -31. Suppose 3*s - s = 114. Calculate the greatest common factor of s and g.
19
Suppose 5*a - 20915 = -5*j, -3*a + 8368 = -a + j. Let p be 3/4 - a/(-36). What is the highest common factor of p and 13?
13
Suppose -30*h + 31*h = 154. Let p(l) = 4*l**2 - 2*l + 2. Let m be p(2). Calculate the greatest common divisor of h and m.
14
Let g be (-3)/((-3)/6 - 1). Suppose 0 = 4*w - g*w + 2*h - 10, -4*w + 11 = h. Suppose -7*l + 5 = -w*l. Calculate the greatest common factor of 11 and l.
1
Let g = -23 - -26. Let c be (-5)/(-15) + 17/g. Calculate the greatest common factor of 42 and c.
6
Let i = 32 + -13. Suppose 5*o - i = -4*x, -2*x + 23 - 6 = 5*o. What is the highest common factor of 7 and x?
1
Let k be 9 + (0/(-1) - -1). Suppose -4*a - 2 = -k. Let b be (-4)/((-4 - -2)/1). Calculate the highest common factor of a and b.
2
Suppose -t = -5*g + 19, -2*t + 3*g - 5 = -2. Suppose -2*v = 2*l - t, -5*v - 9 = -5*l + 36. Calculate the highest common factor of l and 15.
3
Let k = 7 - -21. Suppose -4*a + 3*a = 0, -5*a = -3*j + 21. What is the highest common factor of k and j?
7
Suppose 4*v + 9 - 33 = 0. Let m = 116 + -50. Calculate the highest common factor of m and v.
6
Let x = 45 + -38. Calculate the greatest common factor of x and 63.
7
Let w be -1*((-744)/4 + -1). What is the greatest common factor of 17 and w?
17
Let y = -48 - -52. What is the highest common divisor of y and 20?
4
Suppose -g - 2*r - 3*r = -24, 40 = 5*g + 5*r. Let h be (-25)/(-2) + g/(-8). Let f = -38 - -134. What is the greatest common factor of f and h?
12
Let b = -184 + 259. Calculate the highest common divisor of b and 15.
15
Let a be 4*-1*(-1)/2. Suppose 0 = -4*m + 3*t + 12 + 71, -m - 3*t + a = 0. What is the greatest common divisor of 17 and m?
17
Suppose -4*h = q + 199 - 918, 5*q = -5*h + 895. Suppose z = 5*z - h. Calculate the grea